n factor of 5694 and 132276?
438
What is the greatest common divisor of 2902577 and 46?
23
What is the greatest common divisor of 187797 and 295?
59
Calculate the highest common factor of 942 and 102.
6
Calculate the greatest common divisor of 316632 and 1422.
474
Calculate the highest common factor of 32950 and 100.
50
Calculate the highest common factor of 84 and 20076.
84
Calculate the highest common factor of 95409 and 162.
9
Calculate the greatest common divisor of 112 and 96844.
4
What is the highest common factor of 5364 and 6624?
36
What is the highest common factor of 3136 and 59192?
392
What is the greatest common divisor of 11836 and 748?
44
What is the greatest common divisor of 249521 and 4?
1
What is the greatest common factor of 172074 and 2142?
714
Calculate the highest common divisor of 3014259 and 753.
753
Calculate the greatest common factor of 249888 and 274.
274
What is the highest common factor of 63 and 47733?
21
What is the greatest common divisor of 16 and 31112?
8
Calculate the highest common factor of 1537 and 212.
53
What is the greatest common divisor of 2000 and 231250?
250
Calculate the greatest common factor of 1082853 and 711.
711
Calculate the highest common factor of 41426 and 189.
7
Calculate the greatest common factor of 278 and 8408944.
278
Calculate the highest common divisor of 1701 and 9387.
63
What is the highest common divisor of 2926 and 245?
7
Calculate the highest common divisor of 6792 and 152.
8
Calculate the highest common factor of 549929 and 379.
379
Calculate the greatest common divisor of 3666 and 988.
26
What is the highest common divisor of 175 and 105175?
175
What is the highest common factor of 13727 and 5936?
371
Calculate the greatest common factor of 13833 and 3339.
477
What is the greatest common divisor of 7837 and 17?
17
Calculate the greatest common factor of 14640 and 232.
8
What is the greatest common factor of 352515 and 27690?
1065
What is the greatest common divisor of 40328 and 176?
8
Calculate the highest common factor of 109692 and 35456.
1108
What is the highest common factor of 2301005 and 70?
35
Calculate the greatest common factor of 40 and 188070.
10
Calculate the highest common divisor of 292 and 20951.
73
What is the highest common divisor of 75183 and 57?
57
What is the highest common divisor of 1883 and 15871?
269
What is the greatest common divisor of 3731 and 47929?
287
What is the greatest common divisor of 9 and 130554?
9
What is the highest common divisor of 16455 and 12885?
15
Calculate the greatest common divisor of 30 and 2038314.
6
What is the greatest common factor of 19 and 101175?
19
Calculate the greatest common factor of 410604 and 36.
12
What is the highest common divisor of 73928 and 24?
8
What is the greatest common divisor of 1997908 and 748?
748
What is the greatest common divisor of 295 and 2651519?
59
What is the greatest common divisor of 20 and 1176430?
10
Calculate the greatest common divisor of 9630 and 120.
30
Calculate the highest common factor of 162 and 1459053.
81
What is the highest common divisor of 872 and 6226516?
436
What is the highest common divisor of 1043 and 37399?
149
Calculate the highest common factor of 414 and 59478.
138
What is the greatest common divisor of 575100 and 1700?
100
What is the highest common factor of 495027 and 39?
39
What is the highest common divisor of 1957 and 3629?
19
What is the highest common divisor of 11229 and 98697?
591
What is the greatest common divisor of 3016 and 3828?
116
What is the greatest common divisor of 133 and 202559?
133
Calculate the highest common factor of 149509 and 9740.
487
What is the greatest common factor of 2000 and 3010?
10
What is the highest common divisor of 162648 and 432?
216
What is the greatest common factor of 36450 and 5940?
270
Calculate the greatest common divisor of 1900 and 1800.
100
What is the highest common divisor of 218 and 120881?
109
Calculate the greatest common divisor of 436237 and 119.
17
What is the highest common divisor of 16344 and 16?
8
Calculate the highest common divisor of 5097 and 18.
3
Calculate the greatest common divisor of 5780 and 3485.
85
Calculate the greatest common factor of 17 and 13961.
1
Calculate the greatest common factor of 238 and 4294268.
34
What is the highest common divisor of 768 and 606?
6
Calculate the greatest common factor of 59892 and 309876.
2604
What is the greatest common factor of 4646 and 61686?
46
Calculate the highest common factor of 40 and 1996040.
40
What is the greatest common divisor of 203059 and 1255?
251
Calculate the greatest common factor of 150 and 64490.
10
Calculate the greatest common divisor of 135 and 282717.
27
Calculate the greatest common factor of 260 and 56095.
65
What is the highest common divisor of 1 and 22193?
1
Calculate the highest common factor of 256 and 56272.
16
What is the greatest common divisor of 27687 and 44?
11
Calculate the greatest common divisor of 632 and 3451036.
316
Calculate the highest common divisor of 280 and 175224.
56
Calculate the highest common divisor of 38 and 37582.
38
What is the greatest common factor of 198 and 83934?
18
What is the highest common divisor of 52 and 2918812?
52
Calculate the highest common factor of 165849 and 354.
177
What is the greatest common factor of 1105 and 53635?
85
Calculate the greatest common factor of 19270 and 410.
410
Calculate the greatest common divisor of 546 and 93873.
39
Calculate the greatest common factor of 112210 and 4410.
490
Calculate the highest common divisor of 867 and 6987.
51
What is the greatest common divisor of 244 and 39772?
244
What is the highest common divisor of 3335 and 1538769?
667
Calculate the highest common factor of 2007 and 2313.
9
Calculate the highest common factor of 197128 and 328.
328
Calculate the greatest common divisor of 23482 and 6785.
59
What is the highest common divisor of 220 and 2376?
44
What is the highest common divisor of 868 and 139004?
124
Calculate the highest common factor of 16 and 3332424.
8
Calculate the highest common divisor of 1570699 and 13.
13
Calculate the greatest common factor of 14 and 20025208.
14
Calculate the highest common divisor of 108213 and 21.
21
What is the highest common factor of 744 and 21768?
24
What is the greatest common factor of 411 and 9?
3
What is the highest common divisor of 2962850 and 25?
25
What is the greatest common factor of 27104 and 2079?
77
Calculate the greatest common factor of 57536 and 78213.
899
Calculate the greatest common factor of 31764 and 108.
12
What is the highest common divisor of 1107776 and 4555?
911
What is the greatest common factor of 20473 and 177?
59
What is the greatest common divisor of 4188732 and 12?
12
Calculate the highest common factor of 34 and 1138439.
17
What is the greatest common divisor of 2519790 and 923?
923
Calculate the highest common factor of 790 and 101515.
395
What is the greatest common factor of 2028 and 24?
12
Calculate the highest common divisor of 59517 and 1224.
153
Calculate the highest common divisor of 473 and 14740.
11
Calculate the highest common factor of 13938 and 222.
6
Calculate the highest common divisor of 214 and 427358.
214
Calculate the greatest common divisor of 68 and 48382.
34
What is the highest common factor of 3864 and 2328?
24
What is the highest common divisor of 472702 and 102?
34
Calculate the highest common factor of 1111272 and 72.
24
What is the greatest common divisor of 247616 and 8?
8
Calculate the highest common factor of 60750 and 360.
90
Calculate the highest common divisor of 1895055 and 15.
15
What is the highest common factor of 65783 and 1256?
157
Calculate the greatest common divisor of 187369 and 17719.
377
Calculate the highest common divisor of 3231 and 115239.
1077
Calculate the highest common factor of 50 and 318260.
10
Calculate the highest common divisor of 51 and 9265.
17
Calculate the highest common divisor of 953252 and 1.
1
Calculate the highest common factor of 396 and 7821.
99
Calculate the greatest common factor of 5588180 and 130.
130
Calculate the highest common factor of 180 and 3555540.
180
What is the highest common divisor of 663975 and 5625?
225
Calculate the highest common divisor of 6939 and 102800.
257
What is t